t l be 2/(-5)*55*-1. What is the highest common divisor of l and n?
11
Let g = -961 + 1261. What is the highest common factor of g and 525?
75
Let z = 88 + -93. Let q be 13/1 - (3/3 + z). Let f be 0/1 + 306/2. What is the highest common divisor of f and q?
17
Suppose -3*k = -280 - 284. Suppose -6*q = -k - 100. What is the highest common factor of q and 192?
48
Let h(t) be the first derivative of -t**3/3 + 23*t**2/2 - 4*t - 3. Let l be h(13). Calculate the greatest common factor of l and 84.
42
Let i be ((-3)/2)/(11577/(-680) + 17). Calculate the greatest common divisor of 1380 and i.
60
Let v = 22 - -14. Suppose -8*d - 58 = -274. Calculate the highest common factor of v and d.
9
Let v(y) = 2*y**2 - 37*y - 24. Let c be v(20). What is the highest common factor of c and 48?
12
Let k(r) = 4*r**3 - 47*r**2 - 7*r + 27. Let y be k(12). Calculate the greatest common factor of y and 580.
29
Suppose 5*r - 85 = 5*f, 0 = 5*f - 19 - 6. Suppose -v = -3*v + r. Suppose 0 = 9*n - 2 - 394. What is the highest common factor of n and v?
11
Suppose -3*z + 5*d + 79 = 0, z - 3*z = 4*d - 60. Calculate the greatest common divisor of z and 98.
14
Let g be ((-3)/3)/(4/(-64)). Suppose 4*i = i + 528. What is the highest common factor of i and g?
16
Let r = 135 - 86. Let b(p) = 7*p. Let w = 5 + -4. Let n be b(w). What is the highest common factor of r and n?
7
Let m(i) = -i**3 - 12*i**2 - 13*i - 11. Let f be m(-12). Calculate the highest common factor of 87 and f.
29
Let x = -1876 + 1928. What is the greatest common factor of 806 and x?
26
Let j be (20/(-30))/(2/(-66)). Calculate the greatest common factor of j and 22.
22
Let o(i) = -i**2 - 35*i - 254. Let b be o(-17). Let h be (-130)/(-7)*7/1. What is the greatest common factor of b and h?
26
Let d be (((-88)/4)/1)/(-2). Let r be (7 - d)*(1 - 30/8). Calculate the greatest common divisor of r and 33.
11
Let u be 0 + 101 - (1 - 2). Let w be 26 - -2 - -2*(4 - 1). Calculate the greatest common divisor of u and w.
34
Suppose -17*t = -353 - 23770. Calculate the highest common factor of t and 66.
33
Let o = 72 - 93. Let m be (-220)/(-14) + ((-18)/o)/3. What is the greatest common factor of m and 72?
8
Let y(o) = -4*o + 1. Let h be y(-8). What is the highest common factor of h and 3?
3
Let q be (2 - -2) + 16/(-8). Suppose d = -q*h + 7*h - 814, 2*h + 4*d - 308 = 0. What is the highest common factor of 18 and h?
18
Suppose -3*w - 4*t = -478, -3*w = -t - 651 + 193. Calculate the highest common factor of 110 and w.
22
Let x(q) = q + 2*q + q. Let u be x(2). Let z(c) = -18*c - 215. Let n be z(-12). Calculate the highest common divisor of u and n.
1
Let q be (-54)/(-15) + (-12)/20. Let r be (-71)/(-3) - (-6)/18. Calculate the greatest common divisor of r and q.
3
Let k be (-2)/((-7)/(259/2)). Let u = k + 27. Suppose 4*s + 5 - 37 = 0. What is the greatest common factor of u and s?
8
Suppose 4*j = 2*g + 10, g - 15 = 4*g - 2*j. Let h be 3*-1 + g + -16. Let u be (-8)/h*(170 - -1). What is the greatest common factor of 19 and u?
19
Let p be 9/(-6) + 2475/50. Calculate the highest common divisor of 12 and p.
12
Suppose 0 = 14*a + 167 - 587. Let p(u) = 3*u**2 - 3*u. Let m be p(6). What is the highest common factor of m and a?
30
Suppose 42 = 2*y - 16. Let p = -341 - -660. What is the highest common factor of y and p?
29
Let v(x) = 24*x**2 - 9*x - 2. Let y be v(8). What is the greatest common divisor of 17 and y?
17
Suppose 0*w = -4*w + 68. Let l = 34 - w. Let a(g) = 3*g**2 + 10*g - 15. Let h be a(6). Calculate the greatest common factor of l and h.
17
Suppose -4*c - 3*s - s + 8524 = 0, 5*c - 10679 = s. What is the greatest common divisor of c and 35?
35
Let u = 61 + -56. Suppose -u*a + 9*a - 32 = 0. What is the highest common factor of 56 and a?
8
Suppose 0 = 4*r - 185 + 25. Suppose 2*u - 8 - r = 0. Let o(g) = 8*g**2 + 3*g - 2. Let s be o(2). What is the highest common divisor of u and s?
12
Suppose -12*y = 2*y. Suppose -23*a + 22*a + 7 = y. What is the greatest common factor of a and 2?
1
Let s = -8 - -28. Let u be (-2)/3 + s/3. Suppose u*o - 87 = o - 3*n, -3*o = -3*n - 57. What is the highest common factor of o and 18?
18
Let x = -51 + 56. Suppose 0 = d - 3, -260 = -x*g + 4*g + 5*d. What is the highest common divisor of 25 and g?
25
Let q be ((-1)/2)/((-3)/156). Let c be (-2)/(-13) + 4208/q. What is the greatest common divisor of 18 and c?
18
Let z be ((-8)/3)/((-4)/6). What is the highest common divisor of z and 156?
4
Suppose -3*o = -5*j + o + 205, j = -3*o + 41. Calculate the highest common divisor of 41 and j.
41
Let l be (5 + -9)*142*3/(-24). Calculate the highest common divisor of l and 1278.
71
Let q = 94 + -87. What is the greatest common factor of q and 119?
7
Let n(v) = -v**3 - 27*v**2 - 3*v - 51. Let m be n(-27). Calculate the highest common divisor of 10 and m.
10
Suppose -7 - 23 = -5*t. Let y be (15/t - 3)*-2. Let i be y/4 + (-110)/(-8). Calculate the highest common divisor of i and 98.
14
Let x = -246 + 263. What is the highest common factor of 102 and x?
17
Let g(l) = 3*l - 41. Let h be g(11). Let u(s) = 4*s + 34. Let k be u(h). What is the greatest common divisor of k and 10?
2
Let l be (-4)/3*(-12)/(-8). Let z be l + 2 - (-12)/2. Let g be (-4)/(-8 + (-472)/(-60)). Calculate the greatest common divisor of g and z.
6
Let a(r) = 11*r - 43. Let p be a(-7). Let w = p - -190. Calculate the greatest common factor of w and 30.
10
Let z be (8 - 5) + 9/((-63)/(-35)). Let f(j) = -11*j + 2. Let m be f(-2). What is the greatest common factor of z and m?
8
Let j = -290 + 125. Let l = j + 181. Suppose o + 5 = 133. Calculate the highest common divisor of o and l.
16
Let l be -1 + 5 - (10 - (36 + 9)). Let y = -9 - -12. Calculate the highest common divisor of y and l.
3
Let c be ((-75)/2)/((-18)/36). Suppose c = 3*b - 0*b. What is the greatest common divisor of 225 and b?
25
Let a = -274 - -286. Calculate the greatest common divisor of a and 204.
12
Let v be (3267/6)/9*2. Let b be ((-6)/7)/3 - v/(-7). Calculate the highest common factor of 187 and b.
17
Let b = -154 + 97. Let t = b + 255. Calculate the highest common factor of t and 22.
22
Let t(w) = -w**3 + 6*w**2 + 8*w - 15. Let p be t(7). Let n = p + 11. Let g(d) = 2*d**2 + d + 3. Let a be g(n). What is the highest common divisor of a and 12?
12
Let j(t) = 3*t - 12. Suppose -4*w = -3*w - 5. Let y be j(w). What is the greatest common divisor of y and 3?
3
Let k be (3/(12/16))/2. Let m be (-18 - 0)/(k - 4). What is the highest common factor of 45 and m?
9
Let u(d) be the second derivative of -d**3/6 + 11*d**2/2 - 7*d. Let b be u(5). Let n be b/(-12) + 34/4. Calculate the highest common divisor of 72 and n.
8
Let i(d) = -d**3 - 35*d**2 - 2*d - 68. Let w be i(-35). Calculate the highest common divisor of 922 and w.
2
Suppose -7*l + 204 = -l. Calculate the greatest common factor of l and 51.
17
Let n be (-110)/(-6) - (-332)/(-249). What is the greatest common divisor of 153 and n?
17
Suppose -20 = -5*d, -9 = -3*i + d + 2. Let c be 200/i - 1*4. Let o be (-24)/(-28)*(1 - -104). What is the highest common factor of c and o?
18
Suppose 3*n - 4*h = 34, -3*h + 0*h = 12. Suppose 3*z = n*z + 6. Let v(t) = 5*t**2 - 4*t - 4. Let d be v(z). What is the greatest common divisor of d and 12?
12
Let w(y) = -y**3 + 19*y**2 + 22*y - 28. Let l be w(20). What is the greatest common factor of l and 52?
4
Suppose -633 = -5*q - 3*d, 0*q + 5*q - d - 629 = 0. What is the greatest common divisor of 182 and q?
14
Let n be (-4 - -54)*((-39)/6)/(-13). Calculate the greatest common divisor of 1 and n.
1
Suppose v + 1319 = -0*o + 5*o, -v = -o + 263. Suppose 4*d - o - 16 = 0. Let n be 2*(7 - 2) - 0. Calculate the highest common divisor of d and n.
10
Let l(h) = h**3 - 13*h**2 + 12*h + 24. Let d(p) = p**3 - 5*p. Let w be d(3). Let z be l(w). Calculate the greatest common factor of z and 264.
24
Suppose 6*d + 371 = 65. Let o = -34 - d. What is the highest common divisor of o and 187?
17
Suppose -3*r = -532 - 14. Calculate the greatest common factor of r and 13.
13
Let p be (-1430)/(-60) + -4*4/(-96). What is the greatest common divisor of p and 408?
24
Suppose -10*d + 1082 + 818 = 0. Calculate the greatest common divisor of d and 76.
38
Let r(l) = -10*l**2 + 46*l - 14. Let t be r(4). What is the highest common factor of 5